lculate m(q).
8
Let t(l) = -l**3 + 5*l**2 + 10*l. Let b(d) = d**3 - 5*d**2 - 9*d. Let v(q) = 3*b(q) + 2*t(q). Let y = -44 - -50. What is v(y)?
-6
Let y(m) be the second derivative of m**4/2 - m**3/6 + m**2/2 + 85*m. Calculate y(2).
23
Let r = 1 - 2. Let c(z) = 5*z**2 + 7*z + 56. Let s(h) = -4*h**2 - 6*h - 57. Let y(i) = -6*c(i) - 7*s(i). Let x(u) be the first derivative of y(u). What is x(r)?
4
Let f(o) = 130*o - 70*o - 68*o + o**2 + 3. Let h(k) = -2*k**2 + 24*k + 4. Let p be h(12). Determine f(p).
-13
Let v(f) be the second derivative of 3*f + 0*f**2 + 1/2*f**4 + 0*f**3 - 1/720*f**6 + 1/20*f**5 + 0. Let g(n) be the third derivative of v(n). Determine g(6).
0
Let g(q) = -q**3 - 8*q**2 - 2*q - 6. Let s = -249 - -241. What is g(s)?
10
Suppose 13 = -15*a + 58. Let g(d) be the first derivative of -d**3/3 + d**2 - 4*d + 3. Calculate g(a).
-7
Let r(p) = 12*p + 0 - 19*p**2 + 11 + 7*p**2 + 10*p**2. Let j(q) = 3*q**2 - 23*q - 21. Let y(d) = -3*j(d) - 5*r(d). Give y(-7).
-6
Let u(y) be the third derivative of y**4/24 - 15*y**2. Let o = 24 - 22. Calculate u(o).
2
Let l(k) = -k**3 + 5*k - 2*k - 77*k**2 + 71*k**2 - 5 + 2. Determine l(-7).
25
Let m(u) be the third derivative of 2*u**5/15 + u**4/24 + u**3/6 - 33*u**2 + 3*u. Suppose 5*r = -4*c - 4, -2 = 4*c + r + 2. Determine m(c).
8
Let n = 45 - 46. Let z(c) = -4*c**3 - 2*c**2 - 5*c. Let s(r) = r**3 + r**2 + r + 1. Let u(a) = n*z(a) - 3*s(a). Let l be (-2 - -5)/(6/4). What is u(l)?
5
Let y(f) = -5*f + 19. Let r(u) = -22*u + 76. Let l(a) = -2*r(a) + 9*y(a). Determine l(0).
19
Let s(j) = j**3 - 5*j**2 - 6*j + 8. Let z be s(6). Suppose 2*h - 30 = 5*q - z, -q - h = 3. Let r be -3*(12/3)/q. Let d(g) = -g**2 + 2*g - 3. What is d(r)?
-6
Let f(p) = -1. Let r(t) = -t - 1. Let w be -4*(0 - -1) + 3. Let s(i) = w*f(i) + r(i). Determine s(1).
-1
Let h(w) = 22*w**2 - 1. Suppose 5*t + 25 = 0, 0 = s + t - 16 + 20. Calculate h(s).
21
Let w(v) be the first derivative of 30 - 14*v**2 - 9*v - v**3 + 13*v**2 + 13*v. What is w(-3)?
-17
Let t(l) = 8*l + 2. Suppose 212 = -y + 214. What is t(y)?
18
Let b(o) = 3*o + 2. Suppose 5*x + 32 - 7 = 0, -3*j = 2*x + 22. Let q be (66/(-12) - -4)/((-1)/(-4)). Let z = j - q. Calculate b(z).
8
Let u(d) = -2*d**2 + d + 1. Suppose 0 = -3*o - 0 - 15. Calculate u(o).
-54
Suppose -4*p + 2*a + 4 = 0, -a - 3*a - 8 = 0. Let w(r) = r**2 - r + r**3 + 2 + 1 + p. What is w(-3)?
-12
Let r(g) = -g**3 + 2*g**2 + g - 1. Let j be r(2). Let t(l) = -l - 4. Let a be t(-11). Let q(z) = 1 + a*z + 2*z - z. Determine q(j).
9
Let b(w) = -w**2 - w + 1. Let y = -8 + 12. Let k be 112/32 + 2/y. Suppose 7 = k*q - 5*q - 4*v, -5*v - 10 = 0. What is b(q)?
-1
Let c(j) = -29*j**3 + 4*j**2 - 2*j - 3. Let r(q) = 28*q**3 - 6*q**2 + 3*q + 4. Let x(g) = -4*c(g) - 3*r(g). Calculate x(1).
33
Let i = -1495 + 1501. Let z(b) = -4*b + 22. What is z(i)?
-2
Suppose p - 2 = -4. Let r(x) = -2*x**2 - 5*x + 1. Let s(a) = a**2 + 5*a - 2. Let o(t) = p*r(t) - 3*s(t). Suppose -1 - 9 = -2*w. Determine o(w).
4
Suppose -13*c + 10*c = 0. Let h(i) = 3 + 0 - i - 6 + c*i. Determine h(3).
-6
Let h(w) = w**2 - w. Let u = 10 + -5. Suppose -3*a = -6, -4*q = u*a - a - 40. Suppose -2*f = 2*f + q. Calculate h(f).
6
Let a(u) be the second derivative of 1/12*u**4 + 0 - 9/2*u**2 + 5*u - u**3. Give a(7).
-2
Suppose 31 = 6*h + 43. Let s(j) = -7*j**2 - 2*j - 3. What is s(h)?
-27
Let n(q) be the second derivative of -q**3/6 + q**2/2 - 2*q. Let k(m) = -5*m**2 + 128*m + 55. Let d be k(26). What is n(d)?
-2
Let m = 12 - 12. Suppose 6*p = 2*p - 4*f - 40, m = 4*p - 2*f + 16. Let y(t) = 6*t + 10. Let o(l) = -4*l - 7. Let n(w) = 7*o(w) + 5*y(w). Determine n(p).
-11
Let y = -153 - -156. Let u(s) be the second derivative of -5*s - s**2 - 1/2*s**y + 0. Calculate u(4).
-14
Let u(l) = -13*l - 2. Let v(g) = 23*g + 3. Let d(z) = 5*u(z) + 3*v(z). What is d(-6)?
-25
Let y = 106 - 102. Let c(b) = -b**3 + 4*b**2 + b - 4. What is c(y)?
0
Suppose 13*g = -60 + 255. Suppose -g = 8*r + 9. Let b(n) = n**3 + 5*n**2 + 2*n - 4. Determine b(r).
8
Let v(u) be the second derivative of u**5/20 - u**4/4 - u**3/2 + 2*u**2 - u. Suppose -10*c - 3*c - 26 + 78 = 0. Give v(c).
8
Suppose 4*b - 4 = 8. Let u(j) = j**3 + j. Let n(t) = -4*t**3 + 2*t**2 - 2*t + 2. Let m(v) = n(v) + 3*u(v). What is m(b)?
-4
Let m(z) = -z - 9. Let g = -1041 - -1036. What is m(g)?
-4
Let w be (-2)/(-4) + 4/(-8). Suppose -8 = 4*m - 28. Let p(j) = 16 + 9 - m + j - 5. Give p(w).
15
Let t(x) = -6*x**2 - 13*x - 11. Let p(o) = 5*o**2 + 13*o + 12. Let k(i) = 5*p(i) + 4*t(i). Determine k(-11).
-6
Let t(l) be the third derivative of 7/24*l**4 - 1/3*l**3 - 1/60*l**5 + 0 + 0*l - 9*l**2. Determine t(7).
-2
Let s be (-52)/(-6) + 4/60*5. Let i be (-4)/18 + (-16)/s. Let c(b) = 4*b + 3. Give c(i).
-5
Let c be (7/(-2))/((-2)/4). Let u = c + -13. Let t(v) = -6*v - 11*v - 5 - 3*v + 13*v - 7*v**2 - v**3. Determine t(u).
1
Let n(x) be the second derivative of -x**4/2 + x**3/6 + 2*x. Let h = -18 + 20. Let w be (1/h)/(12/24). Calculate n(w).
-5
Let f(g) = -g + 4. Suppose -5*t + 20 = -5*j, -3*t - 6 + 14 = j. Suppose 5 = y, 0*h - h + 2*y = -6. Suppose -t*v = m - 3 + h, 2*m = -8. Determine f(v).
7
Suppose 3*s - 3*w = 0, 0 = 5*w + 31 - 11. Let k(y) be the first derivative of 2 + y**2 + 17 + 4*y + 9 + 3. Determine k(s).
-4
Let p(b) = -20 - 22 - 18 + 77 - 2*b - 23. Determine p(11).
-28
Let t(g) be the third derivative of -g**4/12 - g**3/2 + 34*g**2. Determine t(-7).
11
Let l(p) = -p**3 - 7*p**2 - 5*p. Let u(y) = y**2 + 4*y - 17. Let q be u(-6). Let a(s) = -5*s + 1 - 7 - 6*s**2 + 2*s**3 - 3*s**3. Let d be a(q). What is l(d)?
-6
Suppose 4*n = 3 - 11. Let j be n/(1/(6/(-4))). Let x(g) = 4*g + 4. Let d(q) = -3*q - 3. Let p(l) = -3*d(l) - 2*x(l). Determine p(j).
4
Let i(f) = -3*f + 15*f**2 + 11*f**2 + 19*f**2 + 6 - 2*f - 46*f**2. What is i(4)?
-30
Let s(u) be the first derivative of -u**4/4 - 8*u**3/3 - 3*u**2 + 9*u + 2. Let q = 629 - 636. Give s(q).
2
Let o(m) = -10*m - 31. Let h be o(-6). Let t = -28 + h. Let s(v) = 0 - 4 - 4*v + 3 - v. Give s(t).
-6
Let i(s) = -2*s + 4. Suppose 5*r = 105 - 25. Let q be (-9)/(-3)*r/6. Suppose y - q = -y. Determine i(y).
-4
Let j be (-2)/11 + -7 + (-711)/(-99). Let n(t) = -t**3 - t**2 - 2*t + 18. Determine n(j).
18
Let t(u) = 4*u**2 - 14*u. Let c(r) = -5*r**2 + 14*r + 2. Let g(f) = 5*c(f) + 6*t(f). Give g(-14).
10
Let f(d) = -d. Suppose 13*m - 16*m = -18. Suppose -15 = -3*k + 4*z, 0 = 3*z - m*z - 9. Give f(k).
-1
Let g(u) be the second derivative of 1/12*u**4 + 0 + 4*u + 3*u**2 - 1/2*u**3. Let y = 38 + -33. Give g(y).
16
Let q(x) = -x - 1. Let z(u) = -3*u. Let c(v) = 4*q(v) - 2*z(v). Let n(i) = 13*i + 4. Let y be n(1). Let b = 21 - y. Determine c(b).
4
Let q(g) = -3*g - 6. Suppose 0 = b, n = 5*n - 5*b + 16. Determine q(n).
6
Suppose 4*t + 2*f + 20 = 3*f, -2 = t - f. Let w(s) = -14*s - 11. Let p(r) = 8*r + 6. Let o(c) = 5*p(c) + 3*w(c). Calculate o(t).
9
Let k(i) = -i**3 + 15*i**2 + i - 22. Suppose b - 10 = -5*t, 2*b + 0*t + t - 29 = 0. Calculate k(b).
-7
Let x(o) = -o**2 + 8*o - 13. Let w = -250 - -256. Give x(w).
-1
Let f be -6 + (-6)/3 + (-4 - -14). Let o(n) = 2*n. Let g(y) = -1. Let d(h) = 2*g(h) + o(h). Calculate d(f).
2
Let r(a) = -5*a - 6. Let t be (-315)/90 + (-1)/2. Calculate r(t).
14
Let k(t) = -4*t + t - 18*t**3 - 11*t**3 + 2*t + 40*t**3. Give k(-1).
-10
Let o(g) be the second derivative of 0 - 1/12*g**4 - 2*g**2 + 15*g + 1/20*g**5 - 1/6*g**3. Give o(0).
-4
Let h(p) = -p**3 - 12*p**2 - 3. Let l be h(-12). Let j(d) = -d**2 + d - 1. Calculate j(l).
-13
Let k(z) = -z**3 + 9*z**2 - 5*z - 15. Let c be k(8). Let v(p) = 10 - p + 14 - c. Let t be v(16). Let j(d) = 6*d**2 + d. What is j(t)?
5
Let x(v) = 0*v**2 + 3*v**2 + 60 + 4*v**2 - 56 - 8*v**2. What is x(-4)?
-12
Let c(q) = q**3 - 4*q**2 + 5*q - 3. Let h = -106 + 109. Determine c(h).
3
Suppose 11*n - 33 = -11. Let i = -2 - -3. Let h(q) = 4*q + 3*q**3 - i - 4*q**2 + 3 - 2*q. Give h(n).
14
Let p = 4 + -12. Let a(u) = u**3 + 7*u**2 - 8*u - 9. Determine a(p).
-9
Suppose -15 + 12 = -d. Let h(r) = 2*r - 8*r - 1 + d*r + 4*r. What is h(5)?
4
Let l be 40/140 + (-1)/(14/732). Let p = l + 51. Let t(v) = 7*v + 1. Determine t(p).
-6
Let n(y) = -y**2 + 9*y + 2. Let s be n(9). Let k(i) = -2*i**2 - 18*i + 24. Let v be k(-10). Let u(o) = 0*o + o**s + o + 0 - v. Give u(-3).
2
Let r(k) = -12*k